{"id":409,"date":"2026-03-31T12:58:14","date_gmt":"2026-03-31T10:58:14","guid":{"rendered":"https:\/\/villae.midaticket.com\/?post_type=amy_movie&#038;p=409"},"modified":"2026-08-28T15:23:55","modified_gmt":"2026-08-28T13:23:55","slug":"in-villa-con-ippolito-visita-guidata-per-gruppi","status":"publish","type":"amy_movie","link":"https:\/\/villae.midaticket.com\/de\/eventi\/in-villa-con-ippolito-visita-guidata-per-gruppi\/","title":{"rendered":"IN DER VILLA MIT IPPOLITO \u2013 F\u00dcHRUNG F\u00dcR GRUPPEN"},"content":{"rendered":"<p>Die Villa ist eines der ber\u00fchmtesten Beispiele f\u00fcr einen italienischen Garten. Der F\u00fchrer begleitet die Gruppe auf einer Entdeckungsreise durch das Leben des Kardinals und seine Familiengeschichte und erl\u00e4utert dabei den Entwurf der Villa sowie die Mythen und Themen, die den dekorativen Entscheidungen zugrunde liegen. Das Geb\u00e4ude und der Garten vermitteln einen Einblick in Ippolitos Geschmack und seine Liebe zum Sch\u00f6nen.<\/p>\n<p><strong>F\u00fcr eine Buchung<\/strong> wenden Sie sich bitte an das Gruppenb\u00fcro unter der Nummer 0774 768279.<\/p>\n<p><strong>Kosten<\/strong>: 180,00 \u20ac<br \/>\n<strong>Teilnehmerzahl<\/strong>: maximal 30<\/p>","protected":false},"excerpt":{"rendered":"<p>Die Villa ist eines der ber\u00fchmtesten Beispiele f\u00fcr einen italienischen Garten. Der F\u00fchrer begleitet die Gruppe auf einer Entdeckungsreise durch das Leben des Kardinals und seine Familiengeschichte und erl\u00e4utert dabei den Entwurf der Villa sowie die Mythen und Themen, die den dekorativen Entscheidungen zugrunde liegen. Das Geb\u00e4ude und der Garten <a class=\"modal-link\" href=\"https:\/\/villae.midaticket.com\/de\/eventi\/in-villa-con-ippolito-visita-guidata-per-gruppi\/\" data-post-id=\"409\">Alles lesen<\/a><\/p>\n","protected":false},"template":"","meta":{"_acf_changed":false,"_links_to":"","_links_to_target":""},"class_list":["post-409","amy_movie","type-amy_movie","status-publish","has-post-thumbnail","h-entry","hentry"],"acf":[],"_links":{"self":[{"href":"https:\/\/villae.midaticket.com\/de\/wp-json\/wp\/v2\/events\/409","targetHints":{"allow":["GET"]}}],"collection":[{"href":"https:\/\/villae.midaticket.com\/de\/wp-json\/wp\/v2\/events"}],"about":[{"href":"https:\/\/villae.midaticket.com\/de\/wp-json\/wp\/v2\/types\/amy_movie"}],"version-history":[{"count":5,"href":"https:\/\/villae.midaticket.com\/de\/wp-json\/wp\/v2\/events\/409\/revisions"}],"predecessor-version":[{"id":997,"href":"https:\/\/villae.midaticket.com\/de\/wp-json\/wp\/v2\/events\/409\/revisions\/997"}],"wp:featuredmedia":[{"embeddable":true,"href":"https:\/\/villae.midaticket.com\/de\/wp-json\/wp\/v2\/media\/87"}],"wp:attachment":[{"href":"https:\/\/villae.midaticket.com\/de\/wp-json\/wp\/v2\/media?parent=409"}],"curies":[{"name":"wp","href":"https:\/\/api.w.org\/{rel}","templated":true}]}}

IN DER VILLA MIT IPPOLITO – FÜHRUNG FÜR GRUPPEN

<p>Die Villa ist eines der berühmtesten Beispiele für einen italienischen Garten. Der Führer begleitet die Gruppe auf einer Entdeckungsreise durch das Leben des Kardinals und seine Familiengeschichte und erläutert dabei den Entwurf der Villa sowie die Mythen und Themen, die den dekorativen Entscheidungen zugrunde liegen. Das Gebäude und der Garten vermitteln einen Einblick in Ippolitos Geschmack und seine Liebe zum Schönen.</p>
<p><strong>Für eine Buchung</strong> wenden Sie sich bitte an das Gruppenbüro unter der Nummer 0774 768279.</p>
<p><strong>Kosten</strong>: 180,00 €<br />
<strong>Teilnehmerzahl</strong>: maximal 30</p>

<p>Die Villa ist eines der berühmtesten Beispiele für einen italienischen Garten. Der Führer begleitet die Gruppe auf einer Entdeckungsreise durch das Leben des Kardinals und seine Familiengeschichte und erläutert dabei den Entwurf der Villa sowie die Mythen und Themen, die den dekorativen Entscheidungen zugrunde liegen. Das Gebäude und der Garten <a class="modal-link" href="https://villae.midaticket.com/de/eventi/in-villa-con-ippolito-visita-guidata-per-gruppi/" data-post-id="409">Alles lesen</a></p>
